s of 95607?
3, 3541
List the prime factors of 567502.
2, 13, 23, 73
List the prime factors of 1417106.
2, 233, 3041
What are the prime factors of 17517444?
2, 3, 7, 23, 9067
List the prime factors of 2897958.
2, 3, 7, 9857
List the prime factors of 10832442.
2, 3, 491, 3677
What are the prime factors of 1025714?
2, 37, 83, 167
List the prime factors of 160174.
2, 7, 17, 673
List the prime factors of 1020393.
3, 11, 937
List the prime factors of 69828.
2, 3, 11, 23
What are the prime factors of 185070?
2, 3, 5, 31, 199
List the prime factors of 10406675.
5, 547, 761
What are the prime factors of 399209?
19, 21011
List the prime factors of 1848440.
2, 5, 11, 4201
List the prime factors of 11090519.
11, 1008229
List the prime factors of 728030.
2, 5, 47, 1549
What are the prime factors of 5613741?
3, 7, 89107
What are the prime factors of 6472972?
2, 11, 131, 1123
List the prime factors of 141661.
13, 17, 641
What are the prime factors of 435781?
23, 18947
List the prime factors of 31881.
3, 10627
What are the prime factors of 26207259?
3, 13, 671981
List the prime factors of 263348.
2, 65837
What are the prime factors of 3153906?
2, 3, 7, 25031
List the prime factors of 1217377.
7, 61, 2851
What are the prime factors of 925589?
7, 23, 5749
What are the prime factors of 309892?
2, 11, 7043
What are the prime factors of 317231?
29, 10939
What are the prime factors of 4933439?
7, 704777
List the prime factors of 1554526.
2, 31, 25073
What are the prime factors of 445808?
2, 11, 17, 149
List the prime factors of 3106485.
3, 5, 23011
List the prime factors of 1866734.
2, 109, 8563
What are the prime factors of 276021?
3, 10223
List the prime factors of 45731.
7, 47, 139
What are the prime factors of 5703989?
5703989
What are the prime factors of 23098140?
2, 3, 5, 13, 9871
What are the prime factors of 3456881?
3456881
What are the prime factors of 26517599?
223, 118913
What are the prime factors of 535075?
5, 17, 1259
What are the prime factors of 199807?
199807
What are the prime factors of 586180?
2, 5, 7, 53, 79
What are the prime factors of 24109644?
2, 3, 13, 37, 4177
List the prime factors of 214764.
2, 3, 11, 1627
List the prime factors of 173842.
2, 17, 5113
List the prime factors of 158228.
2, 7, 5651
List the prime factors of 286775.
5, 11471
What are the prime factors of 7517635?
5, 19, 79133
List the prime factors of 169505.
5, 7, 29, 167
List the prime factors of 3909849.
3, 1303283
List the prime factors of 107198.
2, 7, 13, 19, 31
What are the prime factors of 4236962?
2, 19, 43, 2593
List the prime factors of 85715.
5, 7, 31, 79
List the prime factors of 66363.
3, 11, 2011
List the prime factors of 2781319.
17, 47, 59
List the prime factors of 31488407.
31488407
List the prime factors of 3564085.
5, 7, 79, 1289
List the prime factors of 92692.
2, 23173
What are the prime factors of 2839039?
7, 405577
List the prime factors of 232016.
2, 17, 853
What are the prime factors of 2268786?
2, 3, 13, 17, 29, 59
List the prime factors of 113892.
2, 3, 9491
List the prime factors of 7469622.
2, 3, 19, 21841
What are the prime factors of 477186?
2, 3, 79531
What are the prime factors of 4220002?
2, 2110001
List the prime factors of 6634840.
2, 5, 37, 4483
What are the prime factors of 6207885?
3, 5, 29, 67, 71
What are the prime factors of 3383?
17, 199
List the prime factors of 239728.
2, 14983
List the prime factors of 1202011.
593, 2027
What are the prime factors of 247989?
3, 7, 241
List the prime factors of 17938170.
2, 3, 5, 199313
List the prime factors of 8361123.
3, 79, 35279
What are the prime factors of 425497?
463, 919
What are the prime factors of 189513?
3, 7019
What are the prime factors of 757251?
3, 11, 7649
List the prime factors of 540666.
2, 3, 7, 613
What are the prime factors of 228270?
2, 3, 5, 7, 1087
What are the prime factors of 258352?
2, 67, 241
List the prime factors of 2018085.
3, 5, 19, 73, 97
List the prime factors of 2382722.
2, 31, 38431
List the prime factors of 942285.
3, 5, 62819
What are the prime factors of 906098?
2, 179, 2531
List the prime factors of 4809927.
3, 131, 12239
What are the prime factors of 943376?
2, 7, 8423
What are the prime factors of 298290?
2, 3, 5, 61, 163
What are the prime factors of 715785?
3, 5, 7, 17, 401
What are the prime factors of 25554022?
2, 13, 982847
What are the prime factors of 932585?
5, 37, 71
List the prime factors of 129181.
13, 19, 523
What are the prime factors of 2007311?
79, 25409
List the prime factors of 3407746.
2, 997, 1709
List the prime factors of 32179.
7, 4597
List the prime factors of 70323.
3, 11, 2131
What are the prime factors of 4393959?
3, 19, 157, 491
What are the prime factors of 205332?
2, 3, 71, 241
What are the prime factors of 2978940?
2, 3, 5, 131, 379
What are the prime factors of 1139160?
2, 3, 5, 11, 863
List the prime factors of 532646.
2, 19, 107, 131
List the prime factors of 1010450.
2, 5, 7, 2887
List the prime factors of 13043849.
7, 13, 20477
What are the prime factors of 1354171?
7, 13, 23, 647
List the prime factors of 4566128.
2, 7, 59, 691
List the prime factors of 231024.
2, 3, 4813
List the prime factors of 60394.
2, 30197
List the prime factors of 1202307.
3, 47, 8527
What are the prime factors of 256379?
449, 571
List the prime factors of 195788.
2, 48947
List the prime factors of 6083577.
3, 37, 18269
What are the prime factors of 11881110?
2, 3, 5, 23, 67, 257
What are the prime factors of 287672?
2, 7, 11, 467
What are the prime factors of 2402098?
2, 1201049
What are the prime factors of 182694?
2, 3, 30449
List the prime factors of 960804.
2, 3, 13, 2053
What are the prime factors of 766389?
3, 13, 43, 457
List the prime factors of 1461993.
3, 13, 19, 1973
What are the prime factors of 1041500?
2, 5, 2083
List the prime factors of 767845.
5, 13, 11813
What are the prime factors of 445888?
2, 6967
What are the prime factors of 10877426?
2, 7, 373, 2083
What are the prime factors of 401895?
3, 5, 13, 229
List the prime factors of 10075435.
5, 2015087
List the prime factors of 834292.
2, 17, 12269
What are the prime factors of 7592301?
3, 843589
List the prime factors of 272035.
5, 41, 1327
What are the prime factors of 70556?
2, 31, 569
List the prime factors of 11199324.
2, 3, 53, 17609
What are the prime factors of 7239426?
2, 3, 83, 14537
List the prime factors of 790686.
2, 3, 13, 31, 109
What are the prime factors of 13308951?
3, 31, 143107
What are the prime factors of 1954400?
2, 5, 7, 349
List the prime factors of 53883.
3, 5987
What are the prime factors of 1199912?
2, 7, 3061
List the prime factors of 1224758.
2, 61, 10039
List the prime factors of 413885.
5, 23, 59, 61
What are the prime factors of 378463?
378463
What are the prime factors of 285814?
2, 142907
List the prime factors of 51971.
51971
List the prime factors of 80993.
11, 37, 199
What are the prime factors of 317611?
7, 17, 157
What are the prime factors of 14030769?
3, 47, 151, 659
List the prime factors of 61841.
13, 67, 71
What are the prime factors of 380456?
2, 19, 2503
What are the prime factors of 87787?
7, 12541
What are the prime factors of 2250427?
487, 4621
List the prime factors of 1480006.
2, 11, 67273
List the prime factors of 103792.
2, 13, 499
What are the prime factors of 508744?
2, 19, 3347
What are the prime factors of 3164259?
3, 7, 53, 2843
What are the prime factors of 2084596?
2, 53, 9833
What are the prime factors of 13466795?
5, 2693359
List the prime factors of 574139.
89, 6451
List the prime factors of 200996.
2, 109, 461
What are the prime factors of 283089?
3, 197, 479
What are the prime factors of 486128?
2, 23, 1321
What are the prime factors of 14388156?
2, 3, 23, 17377
What are the prime factors of 527764?
2, 131941
What are the prime factors of 756870?
2, 3, 5, 25229
What are the prime factors of 6245620?
2, 5, 312281
What are the prime factors of 6553?
6553
List the prime factors of 3486153.
3, 11, 149, 709
List the prime factors of 169626.
2, 3, 17, 1663
List the prime factors of 138357.
3, 15373
What are the prime factors of 1070023?
19, 199, 283
List the prime factors of 944484.
2, 3, 78707
List the prime factors of 7323112.
2, 97, 9437
What are the prime factors of 1132560?
2, 3, 5, 11, 13
What are the p